{"id":112,"date":"2023-09-09T19:56:34","date_gmt":"2023-09-09T17:56:34","guid":{"rendered":"https:\/\/shop.prfdesign.it\/?post_type=product&#038;p=112"},"modified":"2023-09-09T20:02:54","modified_gmt":"2023-09-09T18:02:54","slug":"non-ce-piu-niente-da-fare-bobby-solo-e-sei-tutta-mini-john-st-john","status":"publish","type":"product","link":"https:\/\/shop.prfdesign.it\/index.php\/prodotto\/non-ce-piu-niente-da-fare-bobby-solo-e-sei-tutta-mini-john-st-john\/","title":{"rendered":"Non c&#8217;\u00e8 pi\u00f9 niente da fare &#8211; Bobby solo e Sei tutta mini &#8211; John St. John"},"content":{"rendered":"<p>Dal Cantagiro 1967 la sigla della trasmissione TV<br \/>\nNon C&#8217;\u00e8 pi\u00f9 niente da fare &#8211; Bobby solo<\/p>\n<p>Sei tutta la mia vita\u00a0 (you can&#8217;t mean it)<br \/>\nJohn St. John<\/p>\n<p>Gruppo Editoriale GTA (MI)<\/p>\n","protected":false},"excerpt":{"rendered":"<p>Dal Cantagiro 1967 la sigla della trasmissione TV<br \/>\nNon C&#8217;\u00e8 pi\u00f9 niente da fare &#8211; Bobby solo<\/p>\n<p>Sei tutta la mia vita\u00a0 (you can&#8217;t mean it)<br \/>\nJohn St. John<\/p>\n","protected":false},"featured_media":114,"template":"","meta":[],"product_cat":[30],"product_tag":[49,51,55,53,54,50,48,52,56,47],"class_list":["post-112","product","type-product","status-publish","has-post-thumbnail","hentry","product_cat-piano","product_tag-bobby-solo","product_tag-cantagiro","product_tag-david-mc-gerty","product_tag-g-capuano","product_tag-leo-chiosso","product_tag-non-ce-piu-niente-da-fare","product_tag-pianoforte","product_tag-r-satti","product_tag-sei-tutta-mini","product_tag-spartito"],"yoast_head":"<!-- This site is optimized with the Yoast SEO plugin v21.1 - https:\/\/yoast.com\/wordpress\/plugins\/seo\/ -->\n<title>Non c&#039;\u00e8 pi\u00f9 niente da fare - Bobby solo e Sei tutta mini - John St. John - Phil Music Retr\u00f2<\/title>\n<meta name=\"description\" content=\"Dal Cantagiro 1967 la sigla della trasmissione TV &quot;Non C&#039;\u00e8 pi\u00f9 niente da fare&quot; - Bobby solo e &quot;Sei tutta la mia vita&quot;\u00a0 (You can&#039;t mean it) John St. John Gruppo Editoriale GTA (MI)\" \/>\n<meta name=\"robots\" content=\"index, follow, max-snippet:-1, max-image-preview:large, max-video-preview:-1\" \/>\n<link rel=\"canonical\" href=\"https:\/\/shop.prfdesign.it\/index.php\/prodotto\/non-ce-piu-niente-da-fare-bobby-solo-e-sei-tutta-mini-john-st-john\/\" \/>\n<meta property=\"og:locale\" content=\"it_IT\" \/>\n<meta property=\"og:type\" content=\"article\" \/>\n<meta property=\"og:title\" content=\"Non c&#039;\u00e8 pi\u00f9 niente da fare - Bobby solo e Sei tutta mini - John St. John - Phil Music Retr\u00f2\" \/>\n<meta property=\"og:description\" content=\"Dal Cantagiro 1967 la sigla della trasmissione TV &quot;Non C&#039;\u00e8 pi\u00f9 niente da fare&quot; - Bobby solo e &quot;Sei tutta la mia vita&quot;\u00a0 (You can&#039;t mean it) John St. John Gruppo Editoriale GTA (MI)\" \/>\n<meta property=\"og:url\" content=\"https:\/\/shop.prfdesign.it\/index.php\/prodotto\/non-ce-piu-niente-da-fare-bobby-solo-e-sei-tutta-mini-john-st-john\/\" \/>\n<meta property=\"og:site_name\" content=\"Phil Music Retr\u00f2\" \/>\n<meta property=\"article:modified_time\" content=\"2023-09-09T18:02:54+00:00\" \/>\n<meta property=\"og:image\" content=\"https:\/\/shop.prfdesign.it\/wp-content\/uploads\/2023\/09\/Non-ce-piu-miente-da-fare-bobby-solo-e-Sei-tutta-mini-John-cover.jpg\" \/>\n\t<meta property=\"og:image:width\" content=\"1016\" \/>\n\t<meta property=\"og:image:height\" content=\"1452\" \/>\n\t<meta property=\"og:image:type\" content=\"image\/jpeg\" \/>\n<meta name=\"twitter:card\" content=\"summary_large_image\" \/>\n<meta name=\"twitter:label1\" content=\"Tempo di lettura stimato\" \/>\n\t<meta name=\"twitter:data1\" content=\"1 minuto\" \/>\n<script type=\"application\/ld+json\" class=\"yoast-schema-graph\">{\"@context\":\"https:\/\/schema.org\",\"@graph\":[{\"@type\":\"WebPage\",\"@id\":\"https:\/\/shop.prfdesign.it\/index.php\/prodotto\/non-ce-piu-niente-da-fare-bobby-solo-e-sei-tutta-mini-john-st-john\/\",\"url\":\"https:\/\/shop.prfdesign.it\/index.php\/prodotto\/non-ce-piu-niente-da-fare-bobby-solo-e-sei-tutta-mini-john-st-john\/\",\"name\":\"Non c'\u00e8 pi\u00f9 niente da fare - Bobby solo e Sei tutta mini - John St. John - Phil Music Retr\u00f2\",\"isPartOf\":{\"@id\":\"https:\/\/shop.prfdesign.it\/#website\"},\"datePublished\":\"2023-09-09T17:56:34+00:00\",\"dateModified\":\"2023-09-09T18:02:54+00:00\",\"description\":\"Dal Cantagiro 1967 la sigla della trasmissione TV \\\"Non C'\u00e8 pi\u00f9 niente da fare\\\" - Bobby solo e \\\"Sei tutta la mia vita\\\"\u00a0 (You can't mean it) John St. John Gruppo Editoriale GTA (MI)\",\"breadcrumb\":{\"@id\":\"https:\/\/shop.prfdesign.it\/index.php\/prodotto\/non-ce-piu-niente-da-fare-bobby-solo-e-sei-tutta-mini-john-st-john\/#breadcrumb\"},\"inLanguage\":\"it-IT\",\"potentialAction\":[{\"@type\":\"ReadAction\",\"target\":[\"https:\/\/shop.prfdesign.it\/index.php\/prodotto\/non-ce-piu-niente-da-fare-bobby-solo-e-sei-tutta-mini-john-st-john\/\"]}]},{\"@type\":\"BreadcrumbList\",\"@id\":\"https:\/\/shop.prfdesign.it\/index.php\/prodotto\/non-ce-piu-niente-da-fare-bobby-solo-e-sei-tutta-mini-john-st-john\/#breadcrumb\",\"itemListElement\":[{\"@type\":\"ListItem\",\"position\":1,\"name\":\"Home\",\"item\":\"https:\/\/shop.prfdesign.it\/\"},{\"@type\":\"ListItem\",\"position\":2,\"name\":\"Shop\",\"item\":\"https:\/\/shop.prfdesign.it\/index.php\/negozio\/\"},{\"@type\":\"ListItem\",\"position\":3,\"name\":\"Non c&#8217;\u00e8 pi\u00f9 niente da fare &#8211; Bobby solo e Sei tutta mini &#8211; John St. John\"}]},{\"@type\":\"WebSite\",\"@id\":\"https:\/\/shop.prfdesign.it\/#website\",\"url\":\"https:\/\/shop.prfdesign.it\/\",\"name\":\"Phil Music Retr\u00f2\",\"description\":\"Only sheet Music\",\"publisher\":{\"@id\":\"https:\/\/shop.prfdesign.it\/#\/schema\/person\/8a957817e87e8e9f7b73d8c3b6b019b0\"},\"potentialAction\":[{\"@type\":\"SearchAction\",\"target\":{\"@type\":\"EntryPoint\",\"urlTemplate\":\"https:\/\/shop.prfdesign.it\/?s={search_term_string}\"},\"query-input\":\"required name=search_term_string\"}],\"inLanguage\":\"it-IT\"},{\"@type\":[\"Person\",\"Organization\"],\"@id\":\"https:\/\/shop.prfdesign.it\/#\/schema\/person\/8a957817e87e8e9f7b73d8c3b6b019b0\",\"name\":\"prf\",\"image\":{\"@type\":\"ImageObject\",\"inLanguage\":\"it-IT\",\"@id\":\"https:\/\/shop.prfdesign.it\/#\/schema\/person\/image\/\",\"url\":\"https:\/\/shop.prfdesign.it\/wp-content\/uploads\/2023\/09\/cropped-phil-icon.png\",\"contentUrl\":\"https:\/\/shop.prfdesign.it\/wp-content\/uploads\/2023\/09\/cropped-phil-icon.png\",\"width\":512,\"height\":512,\"caption\":\"prf\"},\"logo\":{\"@id\":\"https:\/\/shop.prfdesign.it\/#\/schema\/person\/image\/\"},\"sameAs\":[\"http:\/\/shop.prfdesign.it\"]}]}<\/script>\n<!-- \/ Yoast SEO plugin. -->","yoast_head_json":{"title":"Non c'\u00e8 pi\u00f9 niente da fare - Bobby solo e Sei tutta mini - John St. John - Phil Music Retr\u00f2","description":"Dal Cantagiro 1967 la sigla della trasmissione TV \"Non C'\u00e8 pi\u00f9 niente da fare\" - Bobby solo e \"Sei tutta la mia vita\"\u00a0 (You can't mean it) John St. John Gruppo Editoriale GTA (MI)","robots":{"index":"index","follow":"follow","max-snippet":"max-snippet:-1","max-image-preview":"max-image-preview:large","max-video-preview":"max-video-preview:-1"},"canonical":"https:\/\/shop.prfdesign.it\/index.php\/prodotto\/non-ce-piu-niente-da-fare-bobby-solo-e-sei-tutta-mini-john-st-john\/","og_locale":"it_IT","og_type":"article","og_title":"Non c'\u00e8 pi\u00f9 niente da fare - Bobby solo e Sei tutta mini - John St. John - Phil Music Retr\u00f2","og_description":"Dal Cantagiro 1967 la sigla della trasmissione TV \"Non C'\u00e8 pi\u00f9 niente da fare\" - Bobby solo e \"Sei tutta la mia vita\"\u00a0 (You can't mean it) John St. John Gruppo Editoriale GTA (MI)","og_url":"https:\/\/shop.prfdesign.it\/index.php\/prodotto\/non-ce-piu-niente-da-fare-bobby-solo-e-sei-tutta-mini-john-st-john\/","og_site_name":"Phil Music Retr\u00f2","article_modified_time":"2023-09-09T18:02:54+00:00","og_image":[{"width":1016,"height":1452,"url":"https:\/\/shop.prfdesign.it\/wp-content\/uploads\/2023\/09\/Non-ce-piu-miente-da-fare-bobby-solo-e-Sei-tutta-mini-John-cover.jpg","type":"image\/jpeg"}],"twitter_card":"summary_large_image","twitter_misc":{"Tempo di lettura stimato":"1 minuto"},"schema":{"@context":"https:\/\/schema.org","@graph":[{"@type":"WebPage","@id":"https:\/\/shop.prfdesign.it\/index.php\/prodotto\/non-ce-piu-niente-da-fare-bobby-solo-e-sei-tutta-mini-john-st-john\/","url":"https:\/\/shop.prfdesign.it\/index.php\/prodotto\/non-ce-piu-niente-da-fare-bobby-solo-e-sei-tutta-mini-john-st-john\/","name":"Non c'\u00e8 pi\u00f9 niente da fare - Bobby solo e Sei tutta mini - John St. John - Phil Music Retr\u00f2","isPartOf":{"@id":"https:\/\/shop.prfdesign.it\/#website"},"datePublished":"2023-09-09T17:56:34+00:00","dateModified":"2023-09-09T18:02:54+00:00","description":"Dal Cantagiro 1967 la sigla della trasmissione TV \"Non C'\u00e8 pi\u00f9 niente da fare\" - Bobby solo e \"Sei tutta la mia vita\"\u00a0 (You can't mean it) John St. John Gruppo Editoriale GTA (MI)","breadcrumb":{"@id":"https:\/\/shop.prfdesign.it\/index.php\/prodotto\/non-ce-piu-niente-da-fare-bobby-solo-e-sei-tutta-mini-john-st-john\/#breadcrumb"},"inLanguage":"it-IT","potentialAction":[{"@type":"ReadAction","target":["https:\/\/shop.prfdesign.it\/index.php\/prodotto\/non-ce-piu-niente-da-fare-bobby-solo-e-sei-tutta-mini-john-st-john\/"]}]},{"@type":"BreadcrumbList","@id":"https:\/\/shop.prfdesign.it\/index.php\/prodotto\/non-ce-piu-niente-da-fare-bobby-solo-e-sei-tutta-mini-john-st-john\/#breadcrumb","itemListElement":[{"@type":"ListItem","position":1,"name":"Home","item":"https:\/\/shop.prfdesign.it\/"},{"@type":"ListItem","position":2,"name":"Shop","item":"https:\/\/shop.prfdesign.it\/index.php\/negozio\/"},{"@type":"ListItem","position":3,"name":"Non c&#8217;\u00e8 pi\u00f9 niente da fare &#8211; Bobby solo e Sei tutta mini &#8211; John St. John"}]},{"@type":"WebSite","@id":"https:\/\/shop.prfdesign.it\/#website","url":"https:\/\/shop.prfdesign.it\/","name":"Phil Music Retr\u00f2","description":"Only sheet Music","publisher":{"@id":"https:\/\/shop.prfdesign.it\/#\/schema\/person\/8a957817e87e8e9f7b73d8c3b6b019b0"},"potentialAction":[{"@type":"SearchAction","target":{"@type":"EntryPoint","urlTemplate":"https:\/\/shop.prfdesign.it\/?s={search_term_string}"},"query-input":"required name=search_term_string"}],"inLanguage":"it-IT"},{"@type":["Person","Organization"],"@id":"https:\/\/shop.prfdesign.it\/#\/schema\/person\/8a957817e87e8e9f7b73d8c3b6b019b0","name":"prf","image":{"@type":"ImageObject","inLanguage":"it-IT","@id":"https:\/\/shop.prfdesign.it\/#\/schema\/person\/image\/","url":"https:\/\/shop.prfdesign.it\/wp-content\/uploads\/2023\/09\/cropped-phil-icon.png","contentUrl":"https:\/\/shop.prfdesign.it\/wp-content\/uploads\/2023\/09\/cropped-phil-icon.png","width":512,"height":512,"caption":"prf"},"logo":{"@id":"https:\/\/shop.prfdesign.it\/#\/schema\/person\/image\/"},"sameAs":["http:\/\/shop.prfdesign.it"]}]}},"_links":{"self":[{"href":"https:\/\/shop.prfdesign.it\/index.php\/wp-json\/wp\/v2\/product\/112","targetHints":{"allow":["GET"]}}],"collection":[{"href":"https:\/\/shop.prfdesign.it\/index.php\/wp-json\/wp\/v2\/product"}],"about":[{"href":"https:\/\/shop.prfdesign.it\/index.php\/wp-json\/wp\/v2\/types\/product"}],"wp:featuredmedia":[{"embeddable":true,"href":"https:\/\/shop.prfdesign.it\/index.php\/wp-json\/wp\/v2\/media\/114"}],"wp:attachment":[{"href":"https:\/\/shop.prfdesign.it\/index.php\/wp-json\/wp\/v2\/media?parent=112"}],"wp:term":[{"taxonomy":"product_cat","embeddable":true,"href":"https:\/\/shop.prfdesign.it\/index.php\/wp-json\/wp\/v2\/product_cat?post=112"},{"taxonomy":"product_tag","embeddable":true,"href":"https:\/\/shop.prfdesign.it\/index.php\/wp-json\/wp\/v2\/product_tag?post=112"}],"curies":[{"name":"wp","href":"https:\/\/api.w.org\/{rel}","templated":true}]}}